11*h. Suppose 5*m - 5 = -0*m - 3*v, 5*m = -5*v + 15. Calculate p(m).
22
Let l(r) be the second derivative of -r**5/20 - 22*r. Let t(a) = -a**3 + 4*a**2 - 4*a + 3. Let h be t(3). What is l(h)?
0
Let l(o) = 6*o**2 + o - 2. Let u(z) = -z**2 - z + 1. Suppose 5*d - m + 0*m = 3, -2*m = -5*d + 1. Let y(s) = d*l(s) + 5*u(s). Calculate y(3).
0
Let s(p) = 15*p**3 + 2*p**2 + 2*p - 8. Let v(h) = 8*h**3 + h**2 + h - 4. Let u(n) = -6*s(n) + 11*v(n). Let r(i) be the first derivative of u(i). Give r(-1).
-5
Let g(r) = -r**2 + r - 2. Let d(c) = -c**2 - 3. Let m(j) = -3*d(j) + 4*g(j). What is m(5)?
-4
Suppose 2*u = -6 + 34. Suppose g + 0*g - 13 = 2*y, 2*g = y + u. Let r(h) = h**2 - 4*h - 1. Give r(g).
4
Suppose 2*n + 8 = 24. Let l(m) = -m**3 + 8*m**2 + m + 2. Calculate l(n).
10
Let a(i) = -2*i**2 + 4*i + 2. Let x = 10 + -14. Let t be (-252)/(-66) - x/22. Calculate a(t).
-14
Let p(b) = b**3 + 5*b**2 + b - 3. Let x be (-2)/(3 + -1)*-23. Suppose 5*k - 5 = 5*a, -5*k - 4*a - 17 = x. What is p(k)?
9
Suppose 5*x + x = 6. Let m(a) = 14*a**3 - 2*a**2 + a. Give m(x).
13
Let w be ((-2)/6)/((-7)/21). Let j(d) = 2*d. What is j(w)?
2
Let y(q) = q + 12. Let o be ((-1)/(-2))/(2/(-44)). Calculate y(o).
1
Let v(b) = -b**3 + 4*b**2 - 2*b - 2. Let r = 2 + 1. Calculate v(r).
1
Suppose -n - 3 = -7. Let h(r) = 1 - r - r + 3*r. What is h(n)?
5
Let c(x) = -17*x**3 - 1. Let q = 16 + -17. Calculate c(q).
16
Let v(r) = -r**3 + 4*r**2 + 5*r + 4. Suppose 187 = -4*s + 207. Calculate v(s).
4
Let a(i) = i**3 - 5*i**2 - 8*i + 9. Let o(c) = c**3 + 7*c**2 + 6. Let y be o(-7). Give a(y).
-3
Let h(b) = -2*b. Let o be h(-1). Let m(f) = 2*f**2 + 0*f**o + f**3 + 0*f**2 - 2 + 0. Give m(-2).
-2
Let c be 2 + (9/3)/(-3). Let y = -6 - -8. Let b = c - y. Let x(t) = -5*t - 1. Give x(b).
4
Let j(p) = 2 + p + 2 + 1. Let u be j(-5). Let i(x) be the third derivative of -x**6/120 - x**5/60 - x**3/3 - 4*x**2. Give i(u).
-2
Let y(t) be the second derivative of t**3/3 - 2*t**2 - 11*t. Determine y(-4).
-12
Let v(b) = -19*b + 7*b + 11 + 13*b. Calculate v(-8).
3
Let c(t) = -t**2 + 5*t + 1. Let x(m) = 3*m + 3. Let z be x(-5). Let n = z - -17. Give c(n).
1
Let g(t) = -8*t. Let z(d) = 0 + 2*d - 2 + 9 - d. Let q be z(-6). Determine g(q).
-8
Suppose -4*c = 2*q, -2*q + 5*c - 18 = -0*q. Let h = q + 9. Let p(o) = 1 - o + h*o + o**2 - 2. What is p(-5)?
4
Let n(w) = -4*w + 7. Let x be n(0). Let h(j) = -j**2 + 7*j + 5. Determine h(x).
5
Let n(q) = q**2 + 3*q + 6. Let y be 1 + 27/(-33) + (-79)/11. Calculate n(y).
34
Let v(c) = -2*c**2 - 7*c + 5. Let b(o) = o**2 + 4*o - 3. Let m(h) = 5*b(h) + 2*v(h). Let l be -4 + -4 + (3 - 1). Give m(l).
-5
Let v = 0 + 4. Suppose -2*l + v + 0 = 0. Let k(u) = -u**2 + 2*u + 3. Let y(p) = p**2 - 3*p - 4. Let s(j) = -4*k(j) - 3*y(j). Determine s(l).
6
Let j(h) = 2*h**2 - 2*h - 3. Let m be (2 + -1 + 0)*5. Let z(r) = -6*r**2 + 6*r + 10. Let t(i) = m*z(i) + 16*j(i). Let g = 5 - 3. Calculate t(g).
6
Let u(v) = v + 6. Suppose -5*x = -5*r - 20, -x - 3*x = -16. Suppose g - 4*g = r. Determine u(g).
6
Let q be 1/2 - (-33)/22. Let b(g) = -3*g**2 - g + 1. Determine b(q).
-13
Let v(m) = 2*m - 3. Let a be (-2)/2*(1 + -1). Suppose 2*q - 25 = -4*l - q, -2*l - 3*q + 17 = a. What is v(l)?
5
Let d(o) = o + 6. Let m be d(-4). Let y(k) = -2*k**m + k**2 + 4 - 5*k - 6. Let j = 28 - 32. What is y(j)?
2
Let b = 1 - 4. Let f(t) be the second derivative of -t**7/2520 - t**6/180 - t**4/12 + 3*t. Let h(l) be the third derivative of f(l). Give h(b).
3
Let x(r) = -r**2. Let w(n) = 4*n**2 - n + 7. Let q(k) = w(k) + 3*x(k). Let m(p) = -p + 7. Let d be m(7). Determine q(d).
7
Suppose 29 = t + 27. Let z(w) be the second derivative of 0 + 1/2*w**t - 5/3*w**3 - 4*w. Give z(-1).
11
Let g(r) = r**2 - 6*r - 7. Suppose -24 = -3*z - z. What is g(z)?
-7
Suppose -m = w - 2*m, -4*w - 4*m = 16. Let z(f) = 2*f**2 - 4*f + 3. Let a be z(2). Let d(v) = -a*v + 3*v - v - 2. Determine d(w).
0
Let m(u) be the third derivative of -u**9/60480 + u**8/4032 + u**7/5040 - u**6/720 + u**5/6 - 4*u**2. Let n(b) be the third derivative of m(b). What is n(5)?
4
Suppose 8*q = 4*q + 8. Let u(w) = w + 2*w - q*w. Determine u(3).
3
Let p(v) = v + 6. Let x(c) = 2*c + 7. Let o(j) = 4*p(j) - 3*x(j). What is o(4)?
-5
Let c(f) = -1889*f**2 + 1889*f**2 - 2*f**3. Determine c(-1).
2
Let b(d) be the third derivative of d**6/120 - d**5/15 - d**4/6 - 8*d**2. Determine b(5).
5
Suppose 0 = -2*m - 1 + 5. Let l(x) = 0*x**3 - 2*x**m + x + x**2 + 8 + x**3. Let j = -206 + 206. Determine l(j).
8
Let z = 1 - -3. Suppose -3*g - 3*q = -6, 14 = z*g + q - 3*q. Let s(u) = 1 - u**3 - 1 + u**2 + 1 - 5*u + g*u. Calculate s(1).
-1
Let p(i) = -i**3 + 6*i**2 + 9*i - 7. Let f = 103 - 96. What is p(f)?
7
Let m(h) be the third derivative of h**4/24 - h**3/6 + h**2. Suppose -22 + 6 = 4*d - 4*n, 2*n = 3*d + 11. Let x be (d - -4)/(-1) - -2. Determine m(x).
0
Let k(x) = -2*x**3 - 8*x**2 + x - 1. Let t be k(-4). Let g(a) = a + 7. Determine g(t).
2
Let v = 31 + -49. Let y be 8/20 + v/(-5). Let z(m) = m**3 - 5*m**2 + 5*m - 1. What is z(y)?
3
Let m(f) = -f**3 + 5*f**2 - 3*f + 1. Let r be (8/((-96)/(-30)))/((-1)/(-2)). Give m(r).
-14
Let q be 8/4 + (0 - 0). Let o(i) = 7*i + 2. Give o(q).
16
Let k = 6 - 11. Let z(r) be the second derivative of -r**3/6 - 43*r. Give z(k).
5
Let y(c) = c**2 + 898*c**3 - 4 - 906*c**3 + 5 - 3*c**2. Calculate y(1).
-9
Let s be ((-18)/(-30))/(1/5). Let a(q) = q**3 - q**2 + 0*q**3 - s - 2*q + 2. Calculate a(-1).
-1
Let f(i) = i + 3. Let p(n) be the first derivative of -n**4 - 2*n**3/3 + n - 4. Let l be p(1). What is f(l)?
-2
Suppose 3 = -7*y + 4*y. Let n(v) = 2 - 4 - 8*v**2 + 3 + 0. What is n(y)?
-7
Let j = -20 - -15. Let u(s) = s**2 + 6*s + 6. Determine u(j).
1
Let b(f) = -f - 7. Suppose -3*y = -2*o - 28, -2*y + 1 - 9 = 2*o. Calculate b(o).
1
Let u(i) = 4*i - i - 3*i - 5 + i**2 - 3*i. Let f = 1 - -19. Suppose 7*l + 24 = k + 2*l, 0 = -k + 4*l + f. What is u(k)?
-1
Let f(h) = -9*h**2 + h. Let r(n) = n**3 + 7*n**2 + 7*n + 7. Let b be r(-6). Calculate f(b).
-8
Let o = -1 + 4. Suppose 2*w + 0 = -3*n - 7, o*n + 15 = 0. Let i(s) = -2*s**2 + w - s + 6*s + 3*s**2. Determine i(-4).
0
Let o be 3*4/12*9 + -3. Let k(x) = -x - 1. Calculate k(o).
-7
Let s(o) = 4*o**3 + o**2 + o. Let f(r) be the second derivative of r**3/6 - 9*r**2/2 + 2*r. Let l be f(8). Give s(l).
-4
Let h = 1 + -1. Let a(c) = -c + h*c - 4*c. Let y be (-2)/(-4)*2*-1. Give a(y).
5
Let u(v) = 4*v**2 + 4*v + 2. Let q = 103 + -105. Give u(q).
10
Let k = -1 - -4. Suppose 3*t + u - 6 = -3*u, -2*u + 6 = 3*t. Let n(r) = -4*r - r**t + 4 + r - k*r. Give n(-6).
4
Let a(x) = -6*x**2 + 2*x + 1. Suppose -3*q = -3*b - 9, -4*b + q - 3 = -0*q. Let y = b - 1. What is a(y)?
-7
Suppose 7*g + 8 + 13 = 0. Let v(r) = r + 2. Determine v(g).
-1
Suppose 15 + 1 = 4*f. Suppose 0 = 2*l - 5*p + 5, -2*l - f*p + 6 = 2. Let o(c) be the third derivative of c**6/120 + c**4/24 - 2*c**3/3 + c**2. Determine o(l).
-4
Let x(o) = -5*o**3 - o**2 + o - 1. Suppose -2*d + t = 3*d - 3, t = 2. Give x(d).
-6
Let d(o) = -o**2 - 14*o - 19. Let m be d(-13). Let r(z) = -z**2 - 6*z - 9. What is r(m)?
-9
Let s(i) = 2*i**2 + i - 1. Let h(c) = c + 2. Let b be h(0). Let o be b/4*-2 - -3. Calculate s(o).
9
Let z(q) be the third derivative of -q**5/60 - q**4/24 + q**3/6 - 12*q**2. Calculate z(-4).
-11
Let j(m) = 1 - 10 - 2 - 9*m - 2*m. Let z(f) = -4*f - 4. Let k(s) = 3*j(s) - 8*z(s). Let n be 1 + 2 - (1 + 1). Give k(n).
-2
Let g(y) = y**2 + y - 4. Let j be 2*1*21/14. Determine g(j).
8
Suppose -4*u + 0*u - 4 = 0. Let t(x) = -1. Let n(i) = -i**2 - 2*i + 4. Let j(a) = u*n(a) - 4*t(a). What is j(2)?
8
Let l(y) be the first derivative of -y - 5/2*y**2 + 2. Let g(b) = -b + 2. Let o be g(3). Give l(o).
4
Let k(o) = o**3 - 5*o**2 - 6. Let r(s) = s - 19. Let l be r(0). Let y = -31 - l. Let m = y - -17. What is k(m)?
-6
Let r(n) be the first derivative of -5*n**4/2 + 5*n**3 - 8*n**2 - 16*n + 7. Let u(y) = 7*y**3 - 10*y**2 + 11*y + 11. Let z(q) = -5*r(q) - 7*u(q). Give z(3).
-6
Let l(f) = -2*f. Let x(n) = -n. Let d(u) = l(u) - 3*x(u). Let j be 5/2*(-44)/(-55). Determine d(j).
2
Suppose 0 = -3*z + 2*s - 35, -3*z + 6*z + 5*s = -7. Let l be (-6)/z + (-3)/(-9). Let x(t) = 3*t**2 + 8*t**3 + 57 - 58 - 3*t**2. What is x(l)?
7
Let l(g) = -3 + 7*g**3 - 8*g - 1 - 5*g**2 + 5. Let h(q) = q**3 - 1. Let v(m) =